{"id":2018,"date":"2018-01-29T11:32:33","date_gmt":"2018-01-29T11:32:33","guid":{"rendered":"http:\/\/www.autocaresgarcia.com\/PRUEBAS\/?page_id=2018"},"modified":"2018-02-05T18:16:27","modified_gmt":"2018-02-05T17:16:27","slug":"transport-scolaire","status":"publish","type":"page","link":"https:\/\/www.autocaresgarcia.com\/fr\/transport-scolaire\/","title":{"rendered":"Transport scolaire"},"content":{"rendered":"<div id=\"pl-2018\"  class=\"panel-layout\" ><div id=\"pg-2018-0\"  class=\"panel-grid panel-no-style\" ><div id=\"pgc-2018-0-0\"  class=\"panel-grid-cell\" ><div id=\"panel-2018-0-0-0\" class=\"so-panel widget widget_sow-editor panel-first-child\" data-index=\"0\" ><div\n\t\t\t\n\t\t\tclass=\"so-widget-sow-editor so-widget-sow-editor-base\"\n\t\t\t\n\t\t>\n<div class=\"siteorigin-widget-tinymce textwidget\">\n\t<p><strong>Autocares Garc\u00eda<\/strong>&nbsp;met \u00e0 la disposition des&nbsp;<strong>\u00e9coles<\/strong>,&nbsp;<strong>centres de formation<\/strong>, des&nbsp;<strong>universit\u00e9s<\/strong>, des&nbsp;<strong>cr\u00e8ches<\/strong>, des&nbsp;<strong>groupes sportifs<\/strong>,&nbsp;<strong>\u00e9tudiants<\/strong>, etc. sa&nbsp;<strong>flotte d'autobus<\/strong>, minibus et minibus. Services de location d'autobus et minibus avec chauffeur, tant pour les itin\u00e9raires de collecte scolaire, comme pour les voyages d'\u00e9tude, d'excursions, d'activit\u00e9s extrascolaires et des \u00e9quipements sportifs.<\/p>\n<p>Toujours \u00e0 la garantie de transporter ses enfants ou groupe de mani\u00e8re s\u00fbre.<\/p>\n<p><img loading=\"lazy\" decoding=\"async\" class=\"size-full wp-image-1569 aligncenter\" src=\"http:\/\/www.autocaresgarcia.com\/wp-content\/uploads\/2018\/01\/autobuses-alquiler-bilbao-5.jpg\" alt=\"Transporte escolar en Bilbao\" width=\"2500\" height=\"1406\" srcset=\"https:\/\/www.autocaresgarcia.com\/wp-content\/uploads\/2018\/01\/autobuses-alquiler-bilbao-5.jpg 2500w, https:\/\/www.autocaresgarcia.com\/wp-content\/uploads\/2018\/01\/autobuses-alquiler-bilbao-5-400x225.jpg 400w, https:\/\/www.autocaresgarcia.com\/wp-content\/uploads\/2018\/01\/autobuses-alquiler-bilbao-5-768x432.jpg 768w, https:\/\/www.autocaresgarcia.com\/wp-content\/uploads\/2018\/01\/autobuses-alquiler-bilbao-5-1024x576.jpg 1024w, https:\/\/www.autocaresgarcia.com\/wp-content\/uploads\/2018\/01\/autobuses-alquiler-bilbao-5-540x304.jpg 540w\" sizes=\"(max-width: 2500px) 100vw, 2500px\" \/><\/p>\n<\/div>\n<\/div><\/div><div id=\"panel-2018-0-0-1\" class=\"so-panel widget widget_text panel-last-child\" data-index=\"1\" ><div id=\"texto-aviso\" class=\"panel-widget-style panel-widget-style-for-2018-0-0-1\" >\t\t\t<div class=\"textwidget\"><div id=\"primary\" class=\"content-area  container\">\n<div class=\"row\">\n<article id=\"post-1944\" class=\"clearfix post-1944 page type-page status-publish hentry\">\n<div class=\"hentry__content  entry-content\">\n<p>Les images utilis\u00e9es dans la bande de Autocares Garc\u00eda sont \u00e0 titre purement informatif et ne correspondent pas n\u00e9cessairement avec le v\u00e9hicule qui fournit le service.<\/p>\n<\/div>\n<\/article>\n<\/div>\n<\/div>\n<\/div>\n\t\t<\/div><\/div><\/div><\/div><\/div>","protected":false},"excerpt":{"rendered":"<p>Autobuses y minibuses para traslados diarios, o excursiones y viajes<\/p>\n","protected":false},"author":1,"featured_media":0,"parent":0,"menu_order":1,"comment_status":"closed","ping_status":"closed","template":"","meta":{"footnotes":""},"acf":[],"aioseo_notices":[],"_links":{"self":[{"href":"https:\/\/www.autocaresgarcia.com\/fr\/wp-json\/wp\/v2\/pages\/2018\/"}],"collection":[{"href":"https:\/\/www.autocaresgarcia.com\/fr\/wp-json\/wp\/v2\/pages\/"}],"about":[{"href":"https:\/\/www.autocaresgarcia.com\/fr\/wp-json\/wp\/v2\/types\/page\/"}],"author":[{"embeddable":true,"href":"https:\/\/www.autocaresgarcia.com\/fr\/wp-json\/wp\/v2\/users\/1\/"}],"replies":[{"embeddable":true,"href":"https:\/\/www.autocaresgarcia.com\/fr\/wp-json\/wp\/v2\/comments\/?post=2018"}],"version-history":[{"count":0,"href":"https:\/\/www.autocaresgarcia.com\/fr\/wp-json\/wp\/v2\/pages\/2018\/revisions\/"}],"wp:attachment":[{"href":"https:\/\/www.autocaresgarcia.com\/fr\/wp-json\/wp\/v2\/media\/?parent=2018"}],"curies":[{"name":"wp","href":"https:\/\/api.w.org\/{rel}","templated":true}]}}

<div id="pl-2018"  class="panel-layout" ><div id="pg-2018-0"  class="panel-grid panel-no-style" ><div id="pgc-2018-0-0"  class="panel-grid-cell" ><div id="panel-2018-0-0-0" class="so-panel widget widget_sow-editor panel-first-child" data-index="0" ><div
			
			class="so-widget-sow-editor so-widget-sow-editor-base"
			
		>
<div class="siteorigin-widget-tinymce textwidget">
	<p><strong>Autocares García</strong>&nbsp;met à la disposition des&nbsp;<strong>écoles</strong>,&nbsp;<strong>centres de formation</strong>, des&nbsp;<strong>universités</strong>, des&nbsp;<strong>crèches</strong>, des&nbsp;<strong>groupes sportifs</strong>,&nbsp;<strong>étudiants</strong>, etc. sa&nbsp;<strong>flotte d'autobus</strong>, minibus et minibus. Services de location d'autobus et minibus avec chauffeur, tant pour les itinéraires de collecte scolaire, comme pour les voyages d'étude, d'excursions, d'activités extrascolaires et des équipements sportifs.</p>
<p>Toujours à la garantie de transporter ses enfants ou groupe de manière sûre.</p>
<p><img loading="lazy" decoding="async" class="size-full wp-image-1569 aligncenter" src="http://www.autocaresgarcia.com/wp-content/uploads/2018/01/autobuses-alquiler-bilbao-5.jpg" alt="Transporte escolar en Bilbao" width="2500" height="1406" srcset="https://www.autocaresgarcia.com/wp-content/uploads/2018/01/autobuses-alquiler-bilbao-5.jpg 2500w, https://www.autocaresgarcia.com/wp-content/uploads/2018/01/autobuses-alquiler-bilbao-5-400x225.jpg 400w, https://www.autocaresgarcia.com/wp-content/uploads/2018/01/autobuses-alquiler-bilbao-5-768x432.jpg 768w, https://www.autocaresgarcia.com/wp-content/uploads/2018/01/autobuses-alquiler-bilbao-5-1024x576.jpg 1024w, https://www.autocaresgarcia.com/wp-content/uploads/2018/01/autobuses-alquiler-bilbao-5-540x304.jpg 540w" sizes="(max-width: 2500px) 100vw, 2500px" /></p>
</div>
</div></div><div id="panel-2018-0-0-1" class="so-panel widget widget_text panel-last-child" data-index="1" ><div id="texto-aviso" class="panel-widget-style panel-widget-style-for-2018-0-0-1" >			<div class="textwidget"><div id="primary" class="content-area  container">
<div class="row">
<article id="post-1944" class="clearfix post-1944 page type-page status-publish hentry">
<div class="hentry__content  entry-content">
<p>Les images utilisées dans la bande de Autocares García sont à titre purement informatif et ne correspondent pas nécessairement avec le véhicule qui fournit le service.</p>
</div>
</article>
</div>
</div>
</div>
		</div></div></div></div></div>
